{"id":7,"date":"2017-11-07T11:43:17","date_gmt":"2017-11-07T11:43:17","guid":{"rendered":"http:\/\/no-name-a-capella.xyz\/?page_id=7"},"modified":"2026-04-20T17:17:07","modified_gmt":"2026-04-20T15:17:07","slug":"das-kiebitzmarkt-team","status":"publish","type":"page","link":"https:\/\/kiebitzmarkt-bergen.de\/home\/das-kiebitzmarkt-team\/","title":{"rendered":"Das Kiebitzmarkt Team"},"content":{"rendered":"<div class=\"row\">\n<div class=\"col-md-3 team team-start\">Andreas L\u00fcckert<\/div>\n<div class=\"col-md-3 team\">stellv. Marktleiter<\/div>\n<div class=\"col-md-3 team\"><a href=\"tel:+495051912570\"><i class=\"fa fa-phone-square\" aria-hidden=\"true\"><\/i> 05051-912570<\/a><br \/>\n<i class=\"fa fa-fax\" aria-hidden=\"true\"><\/i> 05051-5144<\/div>\n<div class=\"col-md-3 team team-stop\"><i class=\"fa fa-envelope\" aria-hidden=\"true\"><\/i> <a href=\"mailto:&#105;&#110;&#102;o&#64;&#107;ie&#98;&#105;t&#122;&#109;&#97;r&#107;&#116;&#45;berge&#110;.&#100;e\">in&#102;&#111;&#64;&#107;ieb&#105;&#116;&#122;&#109;a&#114;&#107;&#116;-&#98;&#101;rg&#101;&#110;.&#100;e<\/a><\/div>\n<\/div>\n<div class=\"row\">\n<div class=\"col-md-3 team team-start\">J\u00f6rg Mehm<\/div>\n<div class=\"col-md-3 team\">Marktleiter<\/div>\n<div class=\"col-md-3 team\">&nbsp;<\/div>\n<div class=\"col-md-3 team team-stop\"><\/div>\n<\/div>\n<div class=\"row\">\n<div class=\"col-md-3 team team-start\">Gudrun Lammers<\/div>\n<div class=\"col-md-3 team\">Verkauf und Logistik<\/div>\n<div class=\"col-md-3 team\">&nbsp;<\/div>\n<div class=\"col-md-3 team team-stop\"><\/div>\n<\/div>\n<div class=\"row\">\n<div class=\"col-md-3 team team-start\">Kai Wolf<\/div>\n<div class=\"col-md-3 team\">Disposition \/ Controlling \/ Rechnungswesen<\/div>\n<div class=\"col-md-3 team\"><a href=\"tel:+4951779862136\"><i class=\"fa fa-phone-square\" aria-hidden=\"true\"><\/i> 05177 \/ 9862-136<\/a><\/div>\n<div class=\"col-md-3 team team-stop\"><i class=\"fa fa-envelope\" aria-hidden=\"true\"><\/i> <a href=\"mailto:kai.w&#111;lf&#64;&#111;tt&#101;.g&#109;b&#104;\">kai.w&#111;lf&#64;&#111;&#116;&#116;&#101;&#46;gmbh<\/a><\/div>\n<\/div>\n<div class=\"row\">\n<div class=\"col-md-3 team team-start\">Ludger Otte<\/div>\n<div class=\"col-md-3 team\">Gesch\u00e4ftsf\u00fchrung<\/div>\n<div class=\"col-md-3 team\">&nbsp;<\/div>\n<div class=\"col-md-3 team team-stop\"><\/div>\n<\/div>\n<div class=\"row\">\n<div class=\"col-md-3 team team-start\">Lennard Otte<\/div>\n<div class=\"col-md-3 team\">Gesch\u00e4ftsf\u00fchrung<\/div>\n<div class=\"col-md-3 team\">&nbsp;<\/div>\n<div class=\"col-md-3 team team-stop\"><\/div>\n<\/div>\n<div class=\"row\">\n<div class=\"col-md-3 team team-start\">Josephine Otte-Hartlaub<\/div>\n<div class=\"col-md-3 team\">Gesch\u00e4ftsf\u00fchrerin<\/div>\n<div class=\"col-md-3 team\">&nbsp;<\/div>\n<div class=\"col-md-3 team team-stop\"><\/div>\n<\/div>\n","protected":false},"excerpt":{"rendered":"<p>Andreas L\u00fcckert stellv. Marktleiter 05051-912570 05051-5144 J\u00f6rg Mehm Marktleiter &nbsp; Gudrun Lammers Verkauf und Logistik &nbsp; Kai Wolf Disposition \/ Controlling \/ Rechnungswesen 05177 \/ 9862-136 Ludger Otte Gesch\u00e4ftsf\u00fchrung &nbsp; Lennard Otte Gesch\u00e4ftsf\u00fchrung &nbsp; Josephine Otte-Hartlaub Gesch\u00e4ftsf\u00fchrerin &nbsp;<\/p>\n","protected":false},"author":1,"featured_media":0,"parent":0,"menu_order":0,"comment_status":"closed","ping_status":"closed","template":"","meta":{"_acf_changed":false,"footnotes":""},"class_list":["post-7","page","type-page","status-publish","hentry"],"acf":[],"yoast_head":"<!-- This site is optimized with the Yoast SEO plugin v27.3 - https:\/\/yoast.com\/product\/yoast-seo-wordpress\/ -->\n<title>Das Kiebitzmarkt Team - Kiebitzmarkt-Bergen<\/title>\n<meta name=\"robots\" content=\"index, follow, max-snippet:-1, max-image-preview:large, max-video-preview:-1\" \/>\n<link rel=\"canonical\" href=\"https:\/\/kiebitzmarkt-bergen.de\/home\/das-kiebitzmarkt-team\/\" \/>\n<meta property=\"og:locale\" content=\"de_DE\" \/>\n<meta property=\"og:type\" content=\"article\" \/>\n<meta property=\"og:title\" content=\"Das Kiebitzmarkt Team - Kiebitzmarkt-Bergen\" \/>\n<meta property=\"og:description\" content=\"Andreas L\u00fcckert stellv. Marktleiter 05051-912570 05051-5144 J\u00f6rg Mehm Marktleiter &nbsp; Gudrun Lammers Verkauf und Logistik &nbsp; Kai Wolf Disposition \/ Controlling \/ Rechnungswesen 05177 \/ 9862-136 Ludger Otte Gesch\u00e4ftsf\u00fchrung &nbsp; Lennard Otte Gesch\u00e4ftsf\u00fchrung &nbsp; Josephine Otte-Hartlaub Gesch\u00e4ftsf\u00fchrerin &nbsp;\" \/>\n<meta property=\"og:url\" content=\"https:\/\/kiebitzmarkt-bergen.de\/home\/das-kiebitzmarkt-team\/\" \/>\n<meta property=\"og:site_name\" content=\"Kiebitzmarkt-Bergen\" \/>\n<meta property=\"article:publisher\" content=\"https:\/\/www.facebook.com\/kiebitzmarkt.bergen\" \/>\n<meta property=\"article:modified_time\" content=\"2026-04-20T15:17:07+00:00\" \/>\n<meta name=\"twitter:card\" content=\"summary_large_image\" \/>\n<meta name=\"twitter:label1\" content=\"Gesch\u00e4tzte Lesezeit\" \/>\n\t<meta name=\"twitter:data1\" content=\"1\u00a0Minute\" \/>\n<script type=\"application\/ld+json\" class=\"yoast-schema-graph\">{\"@context\":\"https:\\\/\\\/schema.org\",\"@graph\":[{\"@type\":\"WebPage\",\"@id\":\"https:\\\/\\\/kiebitzmarkt-bergen.de\\\/home\\\/das-kiebitzmarkt-team\\\/\",\"url\":\"https:\\\/\\\/kiebitzmarkt-bergen.de\\\/home\\\/das-kiebitzmarkt-team\\\/\",\"name\":\"Das Kiebitzmarkt Team - Kiebitzmarkt-Bergen\",\"isPartOf\":{\"@id\":\"https:\\\/\\\/kiebitzmarkt-bergen.de\\\/home\\\/#website\"},\"datePublished\":\"2017-11-07T11:43:17+00:00\",\"dateModified\":\"2026-04-20T15:17:07+00:00\",\"breadcrumb\":{\"@id\":\"https:\\\/\\\/kiebitzmarkt-bergen.de\\\/home\\\/das-kiebitzmarkt-team\\\/#breadcrumb\"},\"inLanguage\":\"de\",\"potentialAction\":[{\"@type\":\"ReadAction\",\"target\":[\"https:\\\/\\\/kiebitzmarkt-bergen.de\\\/home\\\/das-kiebitzmarkt-team\\\/\"]}]},{\"@type\":\"BreadcrumbList\",\"@id\":\"https:\\\/\\\/kiebitzmarkt-bergen.de\\\/home\\\/das-kiebitzmarkt-team\\\/#breadcrumb\",\"itemListElement\":[{\"@type\":\"ListItem\",\"position\":1,\"name\":\"Startseite\",\"item\":\"https:\\\/\\\/kiebitzmarkt-bergen.de\\\/home\\\/\"},{\"@type\":\"ListItem\",\"position\":2,\"name\":\"Das Kiebitzmarkt Team\"}]},{\"@type\":\"WebSite\",\"@id\":\"https:\\\/\\\/kiebitzmarkt-bergen.de\\\/home\\\/#website\",\"url\":\"https:\\\/\\\/kiebitzmarkt-bergen.de\\\/home\\\/\",\"name\":\"Kiebitzmarkt-Bergen\",\"description\":\"Der Fachmarkt f\u00fcr Haus, Tier und Garten\",\"publisher\":{\"@id\":\"https:\\\/\\\/kiebitzmarkt-bergen.de\\\/home\\\/#organization\"},\"potentialAction\":[{\"@type\":\"SearchAction\",\"target\":{\"@type\":\"EntryPoint\",\"urlTemplate\":\"https:\\\/\\\/kiebitzmarkt-bergen.de\\\/home\\\/?s={search_term_string}\"},\"query-input\":{\"@type\":\"PropertyValueSpecification\",\"valueRequired\":true,\"valueName\":\"search_term_string\"}}],\"inLanguage\":\"de\"},{\"@type\":\"Organization\",\"@id\":\"https:\\\/\\\/kiebitzmarkt-bergen.de\\\/home\\\/#organization\",\"name\":\"Kiebitzmarkt Bergen\",\"url\":\"https:\\\/\\\/kiebitzmarkt-bergen.de\\\/home\\\/\",\"logo\":{\"@type\":\"ImageObject\",\"inLanguage\":\"de\",\"@id\":\"https:\\\/\\\/kiebitzmarkt-bergen.de\\\/home\\\/#\\\/schema\\\/logo\\\/image\\\/\",\"url\":\"https:\\\/\\\/kiebitzmarkt-bergen.de\\\/home\\\/wp-content\\\/uploads\\\/2017\\\/11\\\/kiebitzmarkt_bergen_logo2.gif\",\"contentUrl\":\"https:\\\/\\\/kiebitzmarkt-bergen.de\\\/home\\\/wp-content\\\/uploads\\\/2017\\\/11\\\/kiebitzmarkt_bergen_logo2.gif\",\"width\":400,\"height\":71,\"caption\":\"Kiebitzmarkt Bergen\"},\"image\":{\"@id\":\"https:\\\/\\\/kiebitzmarkt-bergen.de\\\/home\\\/#\\\/schema\\\/logo\\\/image\\\/\"},\"sameAs\":[\"https:\\\/\\\/www.facebook.com\\\/kiebitzmarkt.bergen\"]}]}<\/script>\n<!-- \/ Yoast SEO plugin. -->","yoast_head_json":{"title":"Das Kiebitzmarkt Team - Kiebitzmarkt-Bergen","robots":{"index":"index","follow":"follow","max-snippet":"max-snippet:-1","max-image-preview":"max-image-preview:large","max-video-preview":"max-video-preview:-1"},"canonical":"https:\/\/kiebitzmarkt-bergen.de\/home\/das-kiebitzmarkt-team\/","og_locale":"de_DE","og_type":"article","og_title":"Das Kiebitzmarkt Team - Kiebitzmarkt-Bergen","og_description":"Andreas L\u00fcckert stellv. Marktleiter 05051-912570 05051-5144 J\u00f6rg Mehm Marktleiter &nbsp; Gudrun Lammers Verkauf und Logistik &nbsp; Kai Wolf Disposition \/ Controlling \/ Rechnungswesen 05177 \/ 9862-136 Ludger Otte Gesch\u00e4ftsf\u00fchrung &nbsp; Lennard Otte Gesch\u00e4ftsf\u00fchrung &nbsp; Josephine Otte-Hartlaub Gesch\u00e4ftsf\u00fchrerin &nbsp;","og_url":"https:\/\/kiebitzmarkt-bergen.de\/home\/das-kiebitzmarkt-team\/","og_site_name":"Kiebitzmarkt-Bergen","article_publisher":"https:\/\/www.facebook.com\/kiebitzmarkt.bergen","article_modified_time":"2026-04-20T15:17:07+00:00","twitter_card":"summary_large_image","twitter_misc":{"Gesch\u00e4tzte Lesezeit":"1\u00a0Minute"},"schema":{"@context":"https:\/\/schema.org","@graph":[{"@type":"WebPage","@id":"https:\/\/kiebitzmarkt-bergen.de\/home\/das-kiebitzmarkt-team\/","url":"https:\/\/kiebitzmarkt-bergen.de\/home\/das-kiebitzmarkt-team\/","name":"Das Kiebitzmarkt Team - Kiebitzmarkt-Bergen","isPartOf":{"@id":"https:\/\/kiebitzmarkt-bergen.de\/home\/#website"},"datePublished":"2017-11-07T11:43:17+00:00","dateModified":"2026-04-20T15:17:07+00:00","breadcrumb":{"@id":"https:\/\/kiebitzmarkt-bergen.de\/home\/das-kiebitzmarkt-team\/#breadcrumb"},"inLanguage":"de","potentialAction":[{"@type":"ReadAction","target":["https:\/\/kiebitzmarkt-bergen.de\/home\/das-kiebitzmarkt-team\/"]}]},{"@type":"BreadcrumbList","@id":"https:\/\/kiebitzmarkt-bergen.de\/home\/das-kiebitzmarkt-team\/#breadcrumb","itemListElement":[{"@type":"ListItem","position":1,"name":"Startseite","item":"https:\/\/kiebitzmarkt-bergen.de\/home\/"},{"@type":"ListItem","position":2,"name":"Das Kiebitzmarkt Team"}]},{"@type":"WebSite","@id":"https:\/\/kiebitzmarkt-bergen.de\/home\/#website","url":"https:\/\/kiebitzmarkt-bergen.de\/home\/","name":"Kiebitzmarkt-Bergen","description":"Der Fachmarkt f\u00fcr Haus, Tier und Garten","publisher":{"@id":"https:\/\/kiebitzmarkt-bergen.de\/home\/#organization"},"potentialAction":[{"@type":"SearchAction","target":{"@type":"EntryPoint","urlTemplate":"https:\/\/kiebitzmarkt-bergen.de\/home\/?s={search_term_string}"},"query-input":{"@type":"PropertyValueSpecification","valueRequired":true,"valueName":"search_term_string"}}],"inLanguage":"de"},{"@type":"Organization","@id":"https:\/\/kiebitzmarkt-bergen.de\/home\/#organization","name":"Kiebitzmarkt Bergen","url":"https:\/\/kiebitzmarkt-bergen.de\/home\/","logo":{"@type":"ImageObject","inLanguage":"de","@id":"https:\/\/kiebitzmarkt-bergen.de\/home\/#\/schema\/logo\/image\/","url":"https:\/\/kiebitzmarkt-bergen.de\/home\/wp-content\/uploads\/2017\/11\/kiebitzmarkt_bergen_logo2.gif","contentUrl":"https:\/\/kiebitzmarkt-bergen.de\/home\/wp-content\/uploads\/2017\/11\/kiebitzmarkt_bergen_logo2.gif","width":400,"height":71,"caption":"Kiebitzmarkt Bergen"},"image":{"@id":"https:\/\/kiebitzmarkt-bergen.de\/home\/#\/schema\/logo\/image\/"},"sameAs":["https:\/\/www.facebook.com\/kiebitzmarkt.bergen"]}]}},"_links":{"self":[{"href":"https:\/\/kiebitzmarkt-bergen.de\/home\/wp-json\/wp\/v2\/pages\/7","targetHints":{"allow":["GET"]}}],"collection":[{"href":"https:\/\/kiebitzmarkt-bergen.de\/home\/wp-json\/wp\/v2\/pages"}],"about":[{"href":"https:\/\/kiebitzmarkt-bergen.de\/home\/wp-json\/wp\/v2\/types\/page"}],"author":[{"embeddable":true,"href":"https:\/\/kiebitzmarkt-bergen.de\/home\/wp-json\/wp\/v2\/users\/1"}],"replies":[{"embeddable":true,"href":"https:\/\/kiebitzmarkt-bergen.de\/home\/wp-json\/wp\/v2\/comments?post=7"}],"version-history":[{"count":20,"href":"https:\/\/kiebitzmarkt-bergen.de\/home\/wp-json\/wp\/v2\/pages\/7\/revisions"}],"predecessor-version":[{"id":3109,"href":"https:\/\/kiebitzmarkt-bergen.de\/home\/wp-json\/wp\/v2\/pages\/7\/revisions\/3109"}],"wp:attachment":[{"href":"https:\/\/kiebitzmarkt-bergen.de\/home\/wp-json\/wp\/v2\/media?parent=7"}],"curies":[{"name":"wp","href":"https:\/\/api.w.org\/{rel}","templated":true}]}}

<div class="row">
<div class="col-md-3 team team-start">Andreas Lückert</div>
<div class="col-md-3 team">stellv. Marktleiter</div>
<div class="col-md-3 team"><a href="tel:+495051912570"><i class="fa fa-phone-square" aria-hidden="true"></i> 05051-912570</a><br />
<i class="fa fa-fax" aria-hidden="true"></i> 05051-5144</div>
<div class="col-md-3 team team-stop"><i class="fa fa-envelope" aria-hidden="true"></i> <a href="mailto:&#105;&#110;&#102;o&#64;&#107;ie&#98;&#105;t&#122;&#109;&#97;r&#107;&#116;&#45;berge&#110;.&#100;e">in&#102;&#111;&#64;&#107;ieb&#105;&#116;&#122;&#109;a&#114;&#107;&#116;-&#98;&#101;rg&#101;&#110;.&#100;e</a></div>
</div>
<div class="row">
<div class="col-md-3 team team-start">Jörg Mehm</div>
<div class="col-md-3 team">Marktleiter</div>
<div class="col-md-3 team">&nbsp;</div>
<div class="col-md-3 team team-stop"></div>
</div>
<div class="row">
<div class="col-md-3 team team-start">Gudrun Lammers</div>
<div class="col-md-3 team">Verkauf und Logistik</div>
<div class="col-md-3 team">&nbsp;</div>
<div class="col-md-3 team team-stop"></div>
</div>
<div class="row">
<div class="col-md-3 team team-start">Kai Wolf</div>
<div class="col-md-3 team">Disposition / Controlling / Rechnungswesen</div>
<div class="col-md-3 team"><a href="tel:+4951779862136"><i class="fa fa-phone-square" aria-hidden="true"></i> 05177 / 9862-136</a></div>
<div class="col-md-3 team team-stop"><i class="fa fa-envelope" aria-hidden="true"></i> <a href="mailto:kai.w&#111;lf&#64;&#111;tt&#101;.g&#109;b&#104;">kai.w&#111;lf&#64;&#111;&#116;&#116;&#101;&#46;gmbh</a></div>
</div>
<div class="row">
<div class="col-md-3 team team-start">Ludger Otte</div>
<div class="col-md-3 team">Geschäftsführung</div>
<div class="col-md-3 team">&nbsp;</div>
<div class="col-md-3 team team-stop"></div>
</div>
<div class="row">
<div class="col-md-3 team team-start">Lennard Otte</div>
<div class="col-md-3 team">Geschäftsführung</div>
<div class="col-md-3 team">&nbsp;</div>
<div class="col-md-3 team team-stop"></div>
</div>
<div class="row">
<div class="col-md-3 team team-start">Josephine Otte-Hartlaub</div>
<div class="col-md-3 team">Geschäftsführerin</div>
<div class="col-md-3 team">&nbsp;</div>
<div class="col-md-3 team team-stop"></div>
</div>

<p>Andreas Lückert stellv. Marktleiter 05051-912570 05051-5144 Jörg Mehm Marktleiter &nbsp; Gudrun Lammers Verkauf und Logistik &nbsp; Kai Wolf Disposition / Controlling / Rechnungswesen 05177 / 9862-136 Ludger Otte Geschäftsführung &nbsp; Lennard Otte Geschäftsführung &nbsp; Josephine Otte-Hartlaub Geschäftsführerin &nbsp;</p>

<!-- This site is optimized with the Yoast SEO plugin v27.3 - https://yoast.com/product/yoast-seo-wordpress/ -->
<title>Das Kiebitzmarkt Team - Kiebitzmarkt-Bergen</title>
<meta name="robots" content="index, follow, max-snippet:-1, max-image-preview:large, max-video-preview:-1" />
<link rel="canonical" href="https://kiebitzmarkt-bergen.de/home/das-kiebitzmarkt-team/" />
<meta property="og:locale" content="de_DE" />
<meta property="og:type" content="article" />
<meta property="og:title" content="Das Kiebitzmarkt Team - Kiebitzmarkt-Bergen" />
<meta property="og:description" content="Andreas Lückert stellv. Marktleiter 05051-912570 05051-5144 Jörg Mehm Marktleiter &nbsp; Gudrun Lammers Verkauf und Logistik &nbsp; Kai Wolf Disposition / Controlling / Rechnungswesen 05177 / 9862-136 Ludger Otte Geschäftsführung &nbsp; Lennard Otte Geschäftsführung &nbsp; Josephine Otte-Hartlaub Geschäftsführerin &nbsp;" />
<meta property="og:url" content="https://kiebitzmarkt-bergen.de/home/das-kiebitzmarkt-team/" />
<meta property="og:site_name" content="Kiebitzmarkt-Bergen" />
<meta property="article:publisher" content="https://www.facebook.com/kiebitzmarkt.bergen" />
<meta property="article:modified_time" content="2026-04-20T15:17:07+00:00" />
<meta name="twitter:card" content="summary_large_image" />
<meta name="twitter:label1" content="Geschätzte Lesezeit" />
	<meta name="twitter:data1" content="1 Minute" />
<script type="application/ld+json" class="yoast-schema-graph">{"@context":"https:\/\/schema.org","@graph":[{"@type":"WebPage","@id":"https:\/\/kiebitzmarkt-bergen.de\/home\/das-kiebitzmarkt-team\/","url":"https:\/\/kiebitzmarkt-bergen.de\/home\/das-kiebitzmarkt-team\/","name":"Das Kiebitzmarkt Team - Kiebitzmarkt-Bergen","isPartOf":{"@id":"https:\/\/kiebitzmarkt-bergen.de\/home\/#website"},"datePublished":"2017-11-07T11:43:17+00:00","dateModified":"2026-04-20T15:17:07+00:00","breadcrumb":{"@id":"https:\/\/kiebitzmarkt-bergen.de\/home\/das-kiebitzmarkt-team\/#breadcrumb"},"inLanguage":"de","potentialAction":[{"@type":"ReadAction","target":["https:\/\/kiebitzmarkt-bergen.de\/home\/das-kiebitzmarkt-team\/"]}]},{"@type":"BreadcrumbList","@id":"https:\/\/kiebitzmarkt-bergen.de\/home\/das-kiebitzmarkt-team\/#breadcrumb","itemListElement":[{"@type":"ListItem","position":1,"name":"Startseite","item":"https:\/\/kiebitzmarkt-bergen.de\/home\/"},{"@type":"ListItem","position":2,"name":"Das Kiebitzmarkt Team"}]},{"@type":"WebSite","@id":"https:\/\/kiebitzmarkt-bergen.de\/home\/#website","url":"https:\/\/kiebitzmarkt-bergen.de\/home\/","name":"Kiebitzmarkt-Bergen","description":"Der Fachmarkt für Haus, Tier und Garten","publisher":{"@id":"https:\/\/kiebitzmarkt-bergen.de\/home\/#organization"},"potentialAction":[{"@type":"SearchAction","target":{"@type":"EntryPoint","urlTemplate":"https:\/\/kiebitzmarkt-bergen.de\/home\/?s={search_term_string}"},"query-input":{"@type":"PropertyValueSpecification","valueRequired":true,"valueName":"search_term_string"}}],"inLanguage":"de"},{"@type":"Organization","@id":"https:\/\/kiebitzmarkt-bergen.de\/home\/#organization","name":"Kiebitzmarkt Bergen","url":"https:\/\/kiebitzmarkt-bergen.de\/home\/","logo":{"@type":"ImageObject","inLanguage":"de","@id":"https:\/\/kiebitzmarkt-bergen.de\/home\/#\/schema\/logo\/image\/","url":"https:\/\/kiebitzmarkt-bergen.de\/home\/wp-content\/uploads\/2017\/11\/kiebitzmarkt_bergen_logo2.gif","contentUrl":"https:\/\/kiebitzmarkt-bergen.de\/home\/wp-content\/uploads\/2017\/11\/kiebitzmarkt_bergen_logo2.gif","width":400,"height":71,"caption":"Kiebitzmarkt Bergen"},"image":{"@id":"https:\/\/kiebitzmarkt-bergen.de\/home\/#\/schema\/logo\/image\/"},"sameAs":["https:\/\/www.facebook.com\/kiebitzmarkt.bergen"]}]}</script>
<!-- / Yoast SEO plugin. -->

Andreas Lückert stellv. Marktleiter 05051-912570 05051-5144 Jörg Mehm Marktleiter &nbsp; Gudrun Lammers Verkauf und Logistik &nbsp; Kai Wolf Disposition / Controlling / Rechnungswesen 05177 / 9862-136 Ludger Otte Geschäftsführung &nbsp; Lennard Otte Geschäftsführung &nbsp; Josephine Otte-Hartlaub Geschäftsführerin &nbsp;

Der Fachmarkt für Haus, Tier und Garten
