{"id":51,"date":"2017-11-07T12:09:57","date_gmt":"2017-11-07T12:09:57","guid":{"rendered":"http:\/\/no-name-a-capella.xyz\/?page_id=51"},"modified":"2018-07-02T18:01:32","modified_gmt":"2018-07-02T16:01:32","slug":"ueber-uns","status":"publish","type":"page","link":"https:\/\/kiebitzmarkt-bergen.de\/home\/ueber-uns\/","title":{"rendered":"\u00dcber uns"},"content":{"rendered":"<p>Der Kiebitzmarkt in Bergen pr\u00e4sentiert ein umfangreiches Angebot f\u00fcr Garten, Tier und Freizeit. Auf rund 800 Quadratmetern Verkaufsfl\u00e4che wird das Angebot \u00fcbersichtlich und kompakt pr\u00e4sentiert. Das Kiebitzmarkt-Team mit seinen 5\u00a0Mitarbeitern sorgt f\u00fcr kompetente Beratung und nahezu jeder Wunsch der Kunden aus allen Altersklassen wird erf\u00fcllt.<br \/>\nNach dem Motto:<\/p>\n<h2 class=\"uber-uns-h2\"><strong>Wir bieten Service und Kompetenz zu kundenfreundlichen Preisen!<\/strong><\/h2>\n<\/p>\n<div>\n<div>\n<p>Der KIEBITZ MARKT\u00ae ist ein Zusammenschluss von mittlerweile bundesweit \u00fcber 95 privaten Betrieben f\u00fcr den Einzelhandel mit Haus-, Tier- und Gartenartikeln. Der KIEBITZ MARKT\u00ae entstand aus der Idee, bestehende M\u00e4rkte in ein betriebs\u00fcbergreifendes Konzept mehrerer mittelst\u00e4ndischer Betriebe aus der Agrarhandelsbranche einzubinden. Der Verbraucher soll im KIEBITZ MARKT\u00ae die besten Produkte mit qualifizierter Beratung zu einem g\u00fcnstigen Preis beziehen k\u00f6nnen.<\/p>\n<div class=\"row panel panel-default\">\n<div class=\"col-md-1 col-lg-2\">\n  <a href=\"\/home\/wp-content\/uploads\/2017\/11\/GFE-Kieb-Bergen-2017.pdf\" target=\"_blank\" rel=\"noopener\"><img decoding=\"async\" class=\"img-rounded img-responsive size-full wp-image-105\" style=\"margin:10px\" src=\"\/home\/wp-content\/uploads\/2017\/11\/ausgezeichnet-small.png\" alt=\"Zertifikat\" width=\"80\" height=\"91\" \/><\/a>\n<\/div>\n<div class=\"col-md-11 col-lg-10\">\n<div class=\"col-md-12\">\n<h2 class=\"uber-uns-h2\" style=\"padding-top:10px\"><strong>WAS HEISST GENERATIONENFREUNDLICH<\/strong><\/h2>\n<\/p><\/div>\n<div class=\"col-md-6 ueber-uns-liste\">\n<ul class=\"outside-list\">\n<li>dass er dort sicher und bequem einkaufen kann,<\/li>\n<li>dass der Zugang zum Gesch\u00e4ft barrierearm ist,<\/li>\n<li>dass das Gesch\u00e4ft gut ausgeleuchtet ist,<\/li>\n<li>dass m\u00f6gliche Gefahrenstellen ausreichend markiert sind,<\/li>\n<li>dass er rutschfeste B\u00f6den vorfindet,<\/li>\n<\/ul><\/div>\n<div class=\"col-md-6 ueber-uns-liste\">\n<ul class=\"outside-list\">\n<li>dass die G\u00e4nge breit und nicht verstellt sind,<\/li>\n<li>dass die Preise und alle Auszeichnungen gut lesbar sind.<\/li>\n<li>dass Beratung und Ausschilderung von hinreichender Qualit\u00e4t sind,<\/li>\n<li>dass er dort eine Sitzgelegenheit zum Ausruhen vorfindet,<\/li>\n<\/ul><\/div>\n<\/div>\n<\/div>\n<p>Im Mittelpunkt der Kiebitzm\u00e4rkte steht der Kunde. Alle M\u00e4rkte verpflichten sich, dem Verbraucher ein gleichbleibend hochwertiges Sortiment von Produkten des Tierbedarfs (Futtermittel, Tiernahrungs- und Zubeh\u00f6rartikel, Tierhygiene usw,) und der Gartenpflege (Saaten, S\u00e4mereien, D\u00fcnger, Pflanzenschutzmittel, Gartenger\u00e4te usw.) anzubieten. Ebenso werden Sortimente aus den Bereichen Spielwaren, Reitsport, Pflanzen und Pflanzgef\u00e4\u00dfe angeboten. Alle Sortimente werden in den Kiebitzm\u00e4rkten ausschlie\u00dflich nach Qualit\u00e4tskriterien ausgew\u00e4hlt.<\/p>\n<\/div>\n<\/div>\n","protected":false},"excerpt":{"rendered":"<p>Der Kiebitzmarkt in Bergen pr\u00e4sentiert ein umfangreiches Angebot f\u00fcr Garten, Tier und Freizeit. Auf rund 800 Quadratmetern Verkaufsfl\u00e4che wird das Angebot \u00fcbersichtlich und kompakt pr\u00e4sentiert. Das Kiebitzmarkt-Team mit seinen 5\u00a0Mitarbeitern sorgt f\u00fcr kompetente Beratung und nahezu jeder Wunsch der Kunden aus allen Altersklassen wird erf\u00fcllt. Nach dem Motto: Wir bieten Service und Kompetenz zu kundenfreundlichen &hellip; <\/p>\n<p class=\"link-more\"><a href=\"https:\/\/kiebitzmarkt-bergen.de\/home\/ueber-uns\/\" class=\"more-link\">Continue reading<span class=\"screen-reader-text\"> &#8222;\u00dcber uns&#8220;<\/span><\/a><\/p>\n","protected":false},"author":1,"featured_media":0,"parent":0,"menu_order":0,"comment_status":"closed","ping_status":"closed","template":"","meta":{"_acf_changed":false,"footnotes":""},"class_list":["post-51","page","type-page","status-publish","hentry"],"acf":[],"yoast_head":"<!-- This site is optimized with the Yoast SEO plugin v27.3 - https:\/\/yoast.com\/product\/yoast-seo-wordpress\/ -->\n<title>\u00dcber uns - Kiebitzmarkt-Bergen<\/title>\n<meta name=\"robots\" content=\"index, follow, max-snippet:-1, max-image-preview:large, max-video-preview:-1\" \/>\n<link rel=\"canonical\" href=\"https:\/\/kiebitzmarkt-bergen.de\/home\/ueber-uns\/\" \/>\n<meta property=\"og:locale\" content=\"de_DE\" \/>\n<meta property=\"og:type\" content=\"article\" \/>\n<meta property=\"og:title\" content=\"\u00dcber uns - Kiebitzmarkt-Bergen\" \/>\n<meta property=\"og:description\" content=\"Der Kiebitzmarkt in Bergen pr\u00e4sentiert ein umfangreiches Angebot f\u00fcr Garten, Tier und Freizeit. Auf rund 800 Quadratmetern Verkaufsfl\u00e4che wird das Angebot \u00fcbersichtlich und kompakt pr\u00e4sentiert. Das Kiebitzmarkt-Team mit seinen 5\u00a0Mitarbeitern sorgt f\u00fcr kompetente Beratung und nahezu jeder Wunsch der Kunden aus allen Altersklassen wird erf\u00fcllt. Nach dem Motto: Wir bieten Service und Kompetenz zu kundenfreundlichen &hellip; Continue reading &quot;\u00dcber uns&quot;\" \/>\n<meta property=\"og:url\" content=\"https:\/\/kiebitzmarkt-bergen.de\/home\/ueber-uns\/\" \/>\n<meta property=\"og:site_name\" content=\"Kiebitzmarkt-Bergen\" \/>\n<meta property=\"article:publisher\" content=\"https:\/\/www.facebook.com\/kiebitzmarkt.bergen\" \/>\n<meta property=\"article:modified_time\" content=\"2018-07-02T16:01:32+00:00\" \/>\n<meta name=\"twitter:card\" content=\"summary_large_image\" \/>\n<meta name=\"twitter:label1\" content=\"Gesch\u00e4tzte Lesezeit\" \/>\n\t<meta name=\"twitter:data1\" content=\"1\u00a0Minute\" \/>\n<script type=\"application\/ld+json\" class=\"yoast-schema-graph\">{\"@context\":\"https:\\\/\\\/schema.org\",\"@graph\":[{\"@type\":\"WebPage\",\"@id\":\"https:\\\/\\\/kiebitzmarkt-bergen.de\\\/home\\\/ueber-uns\\\/\",\"url\":\"https:\\\/\\\/kiebitzmarkt-bergen.de\\\/home\\\/ueber-uns\\\/\",\"name\":\"\u00dcber uns - Kiebitzmarkt-Bergen\",\"isPartOf\":{\"@id\":\"https:\\\/\\\/kiebitzmarkt-bergen.de\\\/home\\\/#website\"},\"datePublished\":\"2017-11-07T12:09:57+00:00\",\"dateModified\":\"2018-07-02T16:01:32+00:00\",\"breadcrumb\":{\"@id\":\"https:\\\/\\\/kiebitzmarkt-bergen.de\\\/home\\\/ueber-uns\\\/#breadcrumb\"},\"inLanguage\":\"de\",\"potentialAction\":[{\"@type\":\"ReadAction\",\"target\":[\"https:\\\/\\\/kiebitzmarkt-bergen.de\\\/home\\\/ueber-uns\\\/\"]}]},{\"@type\":\"BreadcrumbList\",\"@id\":\"https:\\\/\\\/kiebitzmarkt-bergen.de\\\/home\\\/ueber-uns\\\/#breadcrumb\",\"itemListElement\":[{\"@type\":\"ListItem\",\"position\":1,\"name\":\"Startseite\",\"item\":\"https:\\\/\\\/kiebitzmarkt-bergen.de\\\/home\\\/\"},{\"@type\":\"ListItem\",\"position\":2,\"name\":\"\u00dcber uns\"}]},{\"@type\":\"WebSite\",\"@id\":\"https:\\\/\\\/kiebitzmarkt-bergen.de\\\/home\\\/#website\",\"url\":\"https:\\\/\\\/kiebitzmarkt-bergen.de\\\/home\\\/\",\"name\":\"Kiebitzmarkt-Bergen\",\"description\":\"Der Fachmarkt f\u00fcr Haus, Tier und Garten\",\"publisher\":{\"@id\":\"https:\\\/\\\/kiebitzmarkt-bergen.de\\\/home\\\/#organization\"},\"potentialAction\":[{\"@type\":\"SearchAction\",\"target\":{\"@type\":\"EntryPoint\",\"urlTemplate\":\"https:\\\/\\\/kiebitzmarkt-bergen.de\\\/home\\\/?s={search_term_string}\"},\"query-input\":{\"@type\":\"PropertyValueSpecification\",\"valueRequired\":true,\"valueName\":\"search_term_string\"}}],\"inLanguage\":\"de\"},{\"@type\":\"Organization\",\"@id\":\"https:\\\/\\\/kiebitzmarkt-bergen.de\\\/home\\\/#organization\",\"name\":\"Kiebitzmarkt Bergen\",\"url\":\"https:\\\/\\\/kiebitzmarkt-bergen.de\\\/home\\\/\",\"logo\":{\"@type\":\"ImageObject\",\"inLanguage\":\"de\",\"@id\":\"https:\\\/\\\/kiebitzmarkt-bergen.de\\\/home\\\/#\\\/schema\\\/logo\\\/image\\\/\",\"url\":\"https:\\\/\\\/kiebitzmarkt-bergen.de\\\/home\\\/wp-content\\\/uploads\\\/2017\\\/11\\\/kiebitzmarkt_bergen_logo2.gif\",\"contentUrl\":\"https:\\\/\\\/kiebitzmarkt-bergen.de\\\/home\\\/wp-content\\\/uploads\\\/2017\\\/11\\\/kiebitzmarkt_bergen_logo2.gif\",\"width\":400,\"height\":71,\"caption\":\"Kiebitzmarkt Bergen\"},\"image\":{\"@id\":\"https:\\\/\\\/kiebitzmarkt-bergen.de\\\/home\\\/#\\\/schema\\\/logo\\\/image\\\/\"},\"sameAs\":[\"https:\\\/\\\/www.facebook.com\\\/kiebitzmarkt.bergen\"]}]}<\/script>\n<!-- \/ Yoast SEO plugin. -->","yoast_head_json":{"title":"\u00dcber uns - Kiebitzmarkt-Bergen","robots":{"index":"index","follow":"follow","max-snippet":"max-snippet:-1","max-image-preview":"max-image-preview:large","max-video-preview":"max-video-preview:-1"},"canonical":"https:\/\/kiebitzmarkt-bergen.de\/home\/ueber-uns\/","og_locale":"de_DE","og_type":"article","og_title":"\u00dcber uns - Kiebitzmarkt-Bergen","og_description":"Der Kiebitzmarkt in Bergen pr\u00e4sentiert ein umfangreiches Angebot f\u00fcr Garten, Tier und Freizeit. Auf rund 800 Quadratmetern Verkaufsfl\u00e4che wird das Angebot \u00fcbersichtlich und kompakt pr\u00e4sentiert. Das Kiebitzmarkt-Team mit seinen 5\u00a0Mitarbeitern sorgt f\u00fcr kompetente Beratung und nahezu jeder Wunsch der Kunden aus allen Altersklassen wird erf\u00fcllt. Nach dem Motto: Wir bieten Service und Kompetenz zu kundenfreundlichen &hellip; Continue reading \"\u00dcber uns\"","og_url":"https:\/\/kiebitzmarkt-bergen.de\/home\/ueber-uns\/","og_site_name":"Kiebitzmarkt-Bergen","article_publisher":"https:\/\/www.facebook.com\/kiebitzmarkt.bergen","article_modified_time":"2018-07-02T16:01:32+00:00","twitter_card":"summary_large_image","twitter_misc":{"Gesch\u00e4tzte Lesezeit":"1\u00a0Minute"},"schema":{"@context":"https:\/\/schema.org","@graph":[{"@type":"WebPage","@id":"https:\/\/kiebitzmarkt-bergen.de\/home\/ueber-uns\/","url":"https:\/\/kiebitzmarkt-bergen.de\/home\/ueber-uns\/","name":"\u00dcber uns - Kiebitzmarkt-Bergen","isPartOf":{"@id":"https:\/\/kiebitzmarkt-bergen.de\/home\/#website"},"datePublished":"2017-11-07T12:09:57+00:00","dateModified":"2018-07-02T16:01:32+00:00","breadcrumb":{"@id":"https:\/\/kiebitzmarkt-bergen.de\/home\/ueber-uns\/#breadcrumb"},"inLanguage":"de","potentialAction":[{"@type":"ReadAction","target":["https:\/\/kiebitzmarkt-bergen.de\/home\/ueber-uns\/"]}]},{"@type":"BreadcrumbList","@id":"https:\/\/kiebitzmarkt-bergen.de\/home\/ueber-uns\/#breadcrumb","itemListElement":[{"@type":"ListItem","position":1,"name":"Startseite","item":"https:\/\/kiebitzmarkt-bergen.de\/home\/"},{"@type":"ListItem","position":2,"name":"\u00dcber uns"}]},{"@type":"WebSite","@id":"https:\/\/kiebitzmarkt-bergen.de\/home\/#website","url":"https:\/\/kiebitzmarkt-bergen.de\/home\/","name":"Kiebitzmarkt-Bergen","description":"Der Fachmarkt f\u00fcr Haus, Tier und Garten","publisher":{"@id":"https:\/\/kiebitzmarkt-bergen.de\/home\/#organization"},"potentialAction":[{"@type":"SearchAction","target":{"@type":"EntryPoint","urlTemplate":"https:\/\/kiebitzmarkt-bergen.de\/home\/?s={search_term_string}"},"query-input":{"@type":"PropertyValueSpecification","valueRequired":true,"valueName":"search_term_string"}}],"inLanguage":"de"},{"@type":"Organization","@id":"https:\/\/kiebitzmarkt-bergen.de\/home\/#organization","name":"Kiebitzmarkt Bergen","url":"https:\/\/kiebitzmarkt-bergen.de\/home\/","logo":{"@type":"ImageObject","inLanguage":"de","@id":"https:\/\/kiebitzmarkt-bergen.de\/home\/#\/schema\/logo\/image\/","url":"https:\/\/kiebitzmarkt-bergen.de\/home\/wp-content\/uploads\/2017\/11\/kiebitzmarkt_bergen_logo2.gif","contentUrl":"https:\/\/kiebitzmarkt-bergen.de\/home\/wp-content\/uploads\/2017\/11\/kiebitzmarkt_bergen_logo2.gif","width":400,"height":71,"caption":"Kiebitzmarkt Bergen"},"image":{"@id":"https:\/\/kiebitzmarkt-bergen.de\/home\/#\/schema\/logo\/image\/"},"sameAs":["https:\/\/www.facebook.com\/kiebitzmarkt.bergen"]}]}},"_links":{"self":[{"href":"https:\/\/kiebitzmarkt-bergen.de\/home\/wp-json\/wp\/v2\/pages\/51","targetHints":{"allow":["GET"]}}],"collection":[{"href":"https:\/\/kiebitzmarkt-bergen.de\/home\/wp-json\/wp\/v2\/pages"}],"about":[{"href":"https:\/\/kiebitzmarkt-bergen.de\/home\/wp-json\/wp\/v2\/types\/page"}],"author":[{"embeddable":true,"href":"https:\/\/kiebitzmarkt-bergen.de\/home\/wp-json\/wp\/v2\/users\/1"}],"replies":[{"embeddable":true,"href":"https:\/\/kiebitzmarkt-bergen.de\/home\/wp-json\/wp\/v2\/comments?post=51"}],"version-history":[{"count":21,"href":"https:\/\/kiebitzmarkt-bergen.de\/home\/wp-json\/wp\/v2\/pages\/51\/revisions"}],"predecessor-version":[{"id":1478,"href":"https:\/\/kiebitzmarkt-bergen.de\/home\/wp-json\/wp\/v2\/pages\/51\/revisions\/1478"}],"wp:attachment":[{"href":"https:\/\/kiebitzmarkt-bergen.de\/home\/wp-json\/wp\/v2\/media?parent=51"}],"curies":[{"name":"wp","href":"https:\/\/api.w.org\/{rel}","templated":true}]}}