{"id":2612,"date":"2024-01-09T14:51:04","date_gmt":"2024-01-09T13:51:04","guid":{"rendered":"https:\/\/kiebitzmarkt-bergen.de\/home\/?page_id=2612"},"modified":"2026-03-31T14:05:23","modified_gmt":"2026-03-31T12:05:23","slug":"karriere","status":"publish","type":"page","link":"https:\/\/kiebitzmarkt-bergen.de\/home\/karriere\/","title":{"rendered":"Karriere"},"content":{"rendered":"<h2 style=\"color: #2f589e;\"><strong>Karrierem\u00f6glichkeiten bei der OTTE GmbH<\/strong><\/h2>\n<p>Wir m\u00f6chten Sie auf spannende Karrierechancen in unserem Partnerunternehmen, der OTTE GmbH, aufmerksam machen. Dieses mittelst\u00e4ndische, familiengef\u00fchrte Unternehmen aus der S\u00fcdheide ist spezialisiert auf die Erfassung und Vermarktung von landwirtschaftlichen Produkten wie Getreide, Raps, Speisekartoffeln und Speisezwiebeln.<\/p>\n<p>Flexibilit\u00e4t, Zuverl\u00e4ssigkeit und individuelle Beratung in der Landwirtschaft sind die St\u00e4rken von OTTE GmbH. Wenn Sie Interesse an einer Karriere in der Landwirtschaft haben und Teil eines dynamischen Teams werden m\u00f6chten, informieren Sie sich \u00fcber unsere aktuellen Stellenangebote.<\/p>\n<p><a href=\"https:\/\/otte.gmbh\/\"><img decoding=\"async\" class=\"size-medium wp-image-2677 alignleft\" src=\"https:\/\/kiebitzmarkt-bergen.de\/home\/wp-content\/uploads\/2025\/12\/Otte-GmbH_Logo-RZ_Querversion_oClaim_cmyk_300dpi.png\" alt=\"\" width=\"200\" height=\"63\" \/><\/a><\/p>\n<div class=\"wp-block-button\" style=\"text-align: left;\"><a class=\"wp-block-button__link\" style=\"background-color: #2f589e;\" href=\"https:\/\/otte.gmbh\/stellenausschreibungen\/\" target=\"_blank\" rel=\"noopener\">Zu den Jobangeboten<\/a><\/div>\n<h2 style=\"color: #128e5c;\"><strong>Karriere im Kiebitzmarkt Bergen<\/strong><\/h2>\n<p>Wir laden Sie ein, auch die Karrierechancen im Kiebitzmarkt Bergen in Betracht zu ziehen. Im Kiebitzmarkt bieten wir ein vielf\u00e4ltiges Angebot f\u00fcr Garten, Tier und Freizeit auf einer Verkaufsfl\u00e4che von 800 Quadratmetern.<br \/>\nWir im Kiebitzmarkt sind stolz darauf, ein generationenfreundliches Einkaufserlebnis zu bieten. Unser Ziel ist es, ein konstant hochwertiges Sortiment in den Bereichen Tierbedarf, Gartenpflege, Spielwaren, Reitsport und Pflanzen anzubieten. Qualit\u00e4t steht bei uns an erster Stelle.<\/p>\n<p><strong style=\"color: #128e5c;\">Werden Sie Teil unseres Teams!<\/strong><\/p>\n<p>Derzeit bereiten wir uns darauf vor, unser Team zu erweitern und bieten bald spannende Karrierechancen im Kiebitzmarkt Bergen. Wir suchen engagierte und motivierte Mitarbeiter, die unsere Leidenschaft f\u00fcr qualitativ hochwertige Produkte und exzellenten Kundenservice teilen.<\/p>\n<p>Bleiben Sie dran f\u00fcr kommende Stellenangebote und ergreifen Sie die Chance, Teil einer dynamischen und wachsenden Gemeinschaft zu werden!<\/p>\n","protected":false},"excerpt":{"rendered":"<p>Karrierem\u00f6glichkeiten bei der OTTE GmbH Wir m\u00f6chten Sie auf spannende Karrierechancen in unserem Partnerunternehmen, der OTTE GmbH, aufmerksam machen. Dieses mittelst\u00e4ndische, familiengef\u00fchrte Unternehmen aus der S\u00fcdheide ist spezialisiert auf die Erfassung und Vermarktung von landwirtschaftlichen Produkten wie Getreide, Raps, Speisekartoffeln und Speisezwiebeln. Flexibilit\u00e4t, Zuverl\u00e4ssigkeit und individuelle Beratung in der Landwirtschaft sind die St\u00e4rken von OTTE &hellip; <\/p>\n<p class=\"link-more\"><a href=\"https:\/\/kiebitzmarkt-bergen.de\/home\/karriere\/\" class=\"more-link\">Continue reading<span class=\"screen-reader-text\"> &#8222;Karriere&#8220;<\/span><\/a><\/p>\n","protected":false},"author":1,"featured_media":0,"parent":0,"menu_order":0,"comment_status":"closed","ping_status":"closed","template":"karriere-page.php","meta":{"_acf_changed":false,"footnotes":""},"class_list":["post-2612","page","type-page","status-publish","hentry"],"acf":[],"yoast_head":"<!-- This site is optimized with the Yoast SEO plugin v27.3 - https:\/\/yoast.com\/product\/yoast-seo-wordpress\/ -->\n<title>Karriere - Kiebitzmarkt-Bergen<\/title>\n<meta name=\"robots\" content=\"index, follow, max-snippet:-1, max-image-preview:large, max-video-preview:-1\" \/>\n<link rel=\"canonical\" href=\"https:\/\/kiebitzmarkt-bergen.de\/home\/karriere\/\" \/>\n<meta property=\"og:locale\" content=\"de_DE\" \/>\n<meta property=\"og:type\" content=\"article\" \/>\n<meta property=\"og:title\" content=\"Karriere - Kiebitzmarkt-Bergen\" \/>\n<meta property=\"og:description\" content=\"Karrierem\u00f6glichkeiten bei der OTTE GmbH Wir m\u00f6chten Sie auf spannende Karrierechancen in unserem Partnerunternehmen, der OTTE GmbH, aufmerksam machen. Dieses mittelst\u00e4ndische, familiengef\u00fchrte Unternehmen aus der S\u00fcdheide ist spezialisiert auf die Erfassung und Vermarktung von landwirtschaftlichen Produkten wie Getreide, Raps, Speisekartoffeln und Speisezwiebeln. Flexibilit\u00e4t, Zuverl\u00e4ssigkeit und individuelle Beratung in der Landwirtschaft sind die St\u00e4rken von OTTE &hellip; Continue reading &quot;Karriere&quot;\" \/>\n<meta property=\"og:url\" content=\"https:\/\/kiebitzmarkt-bergen.de\/home\/karriere\/\" \/>\n<meta property=\"og:site_name\" content=\"Kiebitzmarkt-Bergen\" \/>\n<meta property=\"article:publisher\" content=\"https:\/\/www.facebook.com\/kiebitzmarkt.bergen\" \/>\n<meta property=\"article:modified_time\" content=\"2026-03-31T12:05:23+00:00\" \/>\n<meta property=\"og:image\" content=\"https:\/\/kiebitzmarkt-bergen.de\/home\/wp-content\/uploads\/2024\/01\/landhandel_logo_links_ohne_gmbh.png\" \/>\n\t<meta property=\"og:image:width\" content=\"1278\" \/>\n\t<meta property=\"og:image:height\" content=\"331\" \/>\n\t<meta property=\"og:image:type\" content=\"image\/png\" \/>\n<meta name=\"twitter:card\" content=\"summary_large_image\" \/>\n<meta name=\"twitter:label1\" content=\"Gesch\u00e4tzte Lesezeit\" \/>\n\t<meta name=\"twitter:data1\" content=\"2\u00a0Minuten\" \/>\n<script type=\"application\/ld+json\" class=\"yoast-schema-graph\">{\"@context\":\"https:\\\/\\\/schema.org\",\"@graph\":[{\"@type\":\"WebPage\",\"@id\":\"https:\\\/\\\/kiebitzmarkt-bergen.de\\\/home\\\/karriere\\\/\",\"url\":\"https:\\\/\\\/kiebitzmarkt-bergen.de\\\/home\\\/karriere\\\/\",\"name\":\"Karriere - Kiebitzmarkt-Bergen\",\"isPartOf\":{\"@id\":\"https:\\\/\\\/kiebitzmarkt-bergen.de\\\/home\\\/#website\"},\"primaryImageOfPage\":{\"@id\":\"https:\\\/\\\/kiebitzmarkt-bergen.de\\\/home\\\/karriere\\\/#primaryimage\"},\"image\":{\"@id\":\"https:\\\/\\\/kiebitzmarkt-bergen.de\\\/home\\\/karriere\\\/#primaryimage\"},\"thumbnailUrl\":\"https:\\\/\\\/kiebitzmarkt-bergen.de\\\/home\\\/wp-content\\\/uploads\\\/2025\\\/12\\\/Otte-GmbH_Logo-RZ_Querversion_oClaim_cmyk_300dpi.png\",\"datePublished\":\"2024-01-09T13:51:04+00:00\",\"dateModified\":\"2026-03-31T12:05:23+00:00\",\"breadcrumb\":{\"@id\":\"https:\\\/\\\/kiebitzmarkt-bergen.de\\\/home\\\/karriere\\\/#breadcrumb\"},\"inLanguage\":\"de\",\"potentialAction\":[{\"@type\":\"ReadAction\",\"target\":[\"https:\\\/\\\/kiebitzmarkt-bergen.de\\\/home\\\/karriere\\\/\"]}]},{\"@type\":\"ImageObject\",\"inLanguage\":\"de\",\"@id\":\"https:\\\/\\\/kiebitzmarkt-bergen.de\\\/home\\\/karriere\\\/#primaryimage\",\"url\":\"https:\\\/\\\/kiebitzmarkt-bergen.de\\\/home\\\/wp-content\\\/uploads\\\/2025\\\/12\\\/Otte-GmbH_Logo-RZ_Querversion_oClaim_cmyk_300dpi.png\",\"contentUrl\":\"https:\\\/\\\/kiebitzmarkt-bergen.de\\\/home\\\/wp-content\\\/uploads\\\/2025\\\/12\\\/Otte-GmbH_Logo-RZ_Querversion_oClaim_cmyk_300dpi.png\",\"width\":2052,\"height\":555},{\"@type\":\"BreadcrumbList\",\"@id\":\"https:\\\/\\\/kiebitzmarkt-bergen.de\\\/home\\\/karriere\\\/#breadcrumb\",\"itemListElement\":[{\"@type\":\"ListItem\",\"position\":1,\"name\":\"Startseite\",\"item\":\"https:\\\/\\\/kiebitzmarkt-bergen.de\\\/home\\\/\"},{\"@type\":\"ListItem\",\"position\":2,\"name\":\"Karriere\"}]},{\"@type\":\"WebSite\",\"@id\":\"https:\\\/\\\/kiebitzmarkt-bergen.de\\\/home\\\/#website\",\"url\":\"https:\\\/\\\/kiebitzmarkt-bergen.de\\\/home\\\/\",\"name\":\"Kiebitzmarkt-Bergen\",\"description\":\"Der Fachmarkt f\u00fcr Haus, Tier und Garten\",\"publisher\":{\"@id\":\"https:\\\/\\\/kiebitzmarkt-bergen.de\\\/home\\\/#organization\"},\"potentialAction\":[{\"@type\":\"SearchAction\",\"target\":{\"@type\":\"EntryPoint\",\"urlTemplate\":\"https:\\\/\\\/kiebitzmarkt-bergen.de\\\/home\\\/?s={search_term_string}\"},\"query-input\":{\"@type\":\"PropertyValueSpecification\",\"valueRequired\":true,\"valueName\":\"search_term_string\"}}],\"inLanguage\":\"de\"},{\"@type\":\"Organization\",\"@id\":\"https:\\\/\\\/kiebitzmarkt-bergen.de\\\/home\\\/#organization\",\"name\":\"Kiebitzmarkt Bergen\",\"url\":\"https:\\\/\\\/kiebitzmarkt-bergen.de\\\/home\\\/\",\"logo\":{\"@type\":\"ImageObject\",\"inLanguage\":\"de\",\"@id\":\"https:\\\/\\\/kiebitzmarkt-bergen.de\\\/home\\\/#\\\/schema\\\/logo\\\/image\\\/\",\"url\":\"https:\\\/\\\/kiebitzmarkt-bergen.de\\\/home\\\/wp-content\\\/uploads\\\/2017\\\/11\\\/kiebitzmarkt_bergen_logo2.gif\",\"contentUrl\":\"https:\\\/\\\/kiebitzmarkt-bergen.de\\\/home\\\/wp-content\\\/uploads\\\/2017\\\/11\\\/kiebitzmarkt_bergen_logo2.gif\",\"width\":400,\"height\":71,\"caption\":\"Kiebitzmarkt Bergen\"},\"image\":{\"@id\":\"https:\\\/\\\/kiebitzmarkt-bergen.de\\\/home\\\/#\\\/schema\\\/logo\\\/image\\\/\"},\"sameAs\":[\"https:\\\/\\\/www.facebook.com\\\/kiebitzmarkt.bergen\"]}]}<\/script>\n<!-- \/ Yoast SEO plugin. -->","yoast_head_json":{"title":"Karriere - Kiebitzmarkt-Bergen","robots":{"index":"index","follow":"follow","max-snippet":"max-snippet:-1","max-image-preview":"max-image-preview:large","max-video-preview":"max-video-preview:-1"},"canonical":"https:\/\/kiebitzmarkt-bergen.de\/home\/karriere\/","og_locale":"de_DE","og_type":"article","og_title":"Karriere - Kiebitzmarkt-Bergen","og_description":"Karrierem\u00f6glichkeiten bei der OTTE GmbH Wir m\u00f6chten Sie auf spannende Karrierechancen in unserem Partnerunternehmen, der OTTE GmbH, aufmerksam machen. Dieses mittelst\u00e4ndische, familiengef\u00fchrte Unternehmen aus der S\u00fcdheide ist spezialisiert auf die Erfassung und Vermarktung von landwirtschaftlichen Produkten wie Getreide, Raps, Speisekartoffeln und Speisezwiebeln. Flexibilit\u00e4t, Zuverl\u00e4ssigkeit und individuelle Beratung in der Landwirtschaft sind die St\u00e4rken von OTTE &hellip; Continue reading \"Karriere\"","og_url":"https:\/\/kiebitzmarkt-bergen.de\/home\/karriere\/","og_site_name":"Kiebitzmarkt-Bergen","article_publisher":"https:\/\/www.facebook.com\/kiebitzmarkt.bergen","article_modified_time":"2026-03-31T12:05:23+00:00","og_image":[{"width":1278,"height":331,"url":"https:\/\/kiebitzmarkt-bergen.de\/home\/wp-content\/uploads\/2024\/01\/landhandel_logo_links_ohne_gmbh.png","type":"image\/png"}],"twitter_card":"summary_large_image","twitter_misc":{"Gesch\u00e4tzte Lesezeit":"2\u00a0Minuten"},"schema":{"@context":"https:\/\/schema.org","@graph":[{"@type":"WebPage","@id":"https:\/\/kiebitzmarkt-bergen.de\/home\/karriere\/","url":"https:\/\/kiebitzmarkt-bergen.de\/home\/karriere\/","name":"Karriere - Kiebitzmarkt-Bergen","isPartOf":{"@id":"https:\/\/kiebitzmarkt-bergen.de\/home\/#website"},"primaryImageOfPage":{"@id":"https:\/\/kiebitzmarkt-bergen.de\/home\/karriere\/#primaryimage"},"image":{"@id":"https:\/\/kiebitzmarkt-bergen.de\/home\/karriere\/#primaryimage"},"thumbnailUrl":"https:\/\/kiebitzmarkt-bergen.de\/home\/wp-content\/uploads\/2025\/12\/Otte-GmbH_Logo-RZ_Querversion_oClaim_cmyk_300dpi.png","datePublished":"2024-01-09T13:51:04+00:00","dateModified":"2026-03-31T12:05:23+00:00","breadcrumb":{"@id":"https:\/\/kiebitzmarkt-bergen.de\/home\/karriere\/#breadcrumb"},"inLanguage":"de","potentialAction":[{"@type":"ReadAction","target":["https:\/\/kiebitzmarkt-bergen.de\/home\/karriere\/"]}]},{"@type":"ImageObject","inLanguage":"de","@id":"https:\/\/kiebitzmarkt-bergen.de\/home\/karriere\/#primaryimage","url":"https:\/\/kiebitzmarkt-bergen.de\/home\/wp-content\/uploads\/2025\/12\/Otte-GmbH_Logo-RZ_Querversion_oClaim_cmyk_300dpi.png","contentUrl":"https:\/\/kiebitzmarkt-bergen.de\/home\/wp-content\/uploads\/2025\/12\/Otte-GmbH_Logo-RZ_Querversion_oClaim_cmyk_300dpi.png","width":2052,"height":555},{"@type":"BreadcrumbList","@id":"https:\/\/kiebitzmarkt-bergen.de\/home\/karriere\/#breadcrumb","itemListElement":[{"@type":"ListItem","position":1,"name":"Startseite","item":"https:\/\/kiebitzmarkt-bergen.de\/home\/"},{"@type":"ListItem","position":2,"name":"Karriere"}]},{"@type":"WebSite","@id":"https:\/\/kiebitzmarkt-bergen.de\/home\/#website","url":"https:\/\/kiebitzmarkt-bergen.de\/home\/","name":"Kiebitzmarkt-Bergen","description":"Der Fachmarkt f\u00fcr Haus, Tier und Garten","publisher":{"@id":"https:\/\/kiebitzmarkt-bergen.de\/home\/#organization"},"potentialAction":[{"@type":"SearchAction","target":{"@type":"EntryPoint","urlTemplate":"https:\/\/kiebitzmarkt-bergen.de\/home\/?s={search_term_string}"},"query-input":{"@type":"PropertyValueSpecification","valueRequired":true,"valueName":"search_term_string"}}],"inLanguage":"de"},{"@type":"Organization","@id":"https:\/\/kiebitzmarkt-bergen.de\/home\/#organization","name":"Kiebitzmarkt Bergen","url":"https:\/\/kiebitzmarkt-bergen.de\/home\/","logo":{"@type":"ImageObject","inLanguage":"de","@id":"https:\/\/kiebitzmarkt-bergen.de\/home\/#\/schema\/logo\/image\/","url":"https:\/\/kiebitzmarkt-bergen.de\/home\/wp-content\/uploads\/2017\/11\/kiebitzmarkt_bergen_logo2.gif","contentUrl":"https:\/\/kiebitzmarkt-bergen.de\/home\/wp-content\/uploads\/2017\/11\/kiebitzmarkt_bergen_logo2.gif","width":400,"height":71,"caption":"Kiebitzmarkt Bergen"},"image":{"@id":"https:\/\/kiebitzmarkt-bergen.de\/home\/#\/schema\/logo\/image\/"},"sameAs":["https:\/\/www.facebook.com\/kiebitzmarkt.bergen"]}]}},"_links":{"self":[{"href":"https:\/\/kiebitzmarkt-bergen.de\/home\/wp-json\/wp\/v2\/pages\/2612","targetHints":{"allow":["GET"]}}],"collection":[{"href":"https:\/\/kiebitzmarkt-bergen.de\/home\/wp-json\/wp\/v2\/pages"}],"about":[{"href":"https:\/\/kiebitzmarkt-bergen.de\/home\/wp-json\/wp\/v2\/types\/page"}],"author":[{"embeddable":true,"href":"https:\/\/kiebitzmarkt-bergen.de\/home\/wp-json\/wp\/v2\/users\/1"}],"replies":[{"embeddable":true,"href":"https:\/\/kiebitzmarkt-bergen.de\/home\/wp-json\/wp\/v2\/comments?post=2612"}],"version-history":[{"count":53,"href":"https:\/\/kiebitzmarkt-bergen.de\/home\/wp-json\/wp\/v2\/pages\/2612\/revisions"}],"predecessor-version":[{"id":3064,"href":"https:\/\/kiebitzmarkt-bergen.de\/home\/wp-json\/wp\/v2\/pages\/2612\/revisions\/3064"}],"wp:attachment":[{"href":"https:\/\/kiebitzmarkt-bergen.de\/home\/wp-json\/wp\/v2\/media?parent=2612"}],"curies":[{"name":"wp","href":"https:\/\/api.w.org\/{rel}","templated":true}]}}